isor of 225081 and 68085.
801
Calculate the greatest common divisor of 891 and 11033.
11
What is the greatest common factor of 56083 and 1037?
17
Calculate the greatest common factor of 429526624 and 68.
68
What is the greatest common divisor of 16354 and 30715328?
1258
What is the highest common divisor of 84826 and 519358?
14
Calculate the greatest common divisor of 5166106 and 709676.
2794
Calculate the greatest common divisor of 77 and 19934123.
11
Calculate the highest common factor of 126036 and 245268.
324
What is the greatest common factor of 95508 and 5598588?
4548
What is the highest common divisor of 95 and 93084135?
95
What is the greatest common factor of 1024 and 79312?
16
What is the greatest common divisor of 47254933 and 187?
11
What is the greatest common divisor of 107914 and 6861418?
1366
What is the greatest common divisor of 259 and 51731106?
259
What is the highest common divisor of 287276 and 1?
1
Calculate the greatest common divisor of 2884549 and 3191322.
2207
What is the greatest common divisor of 6184 and 160164?
4
Calculate the greatest common factor of 28583796 and 852.
12
Calculate the greatest common divisor of 100766780 and 1696.
212
What is the highest common divisor of 64000 and 43500?
500
Calculate the greatest common divisor of 567 and 263226537.
189
Calculate the highest common factor of 480 and 7231584.
96
What is the greatest common divisor of 1640 and 25020660?
820
Calculate the highest common divisor of 96509 and 1248129.
811
Calculate the greatest common divisor of 538701 and 139119.
237
What is the greatest common divisor of 110604 and 546?
78
What is the highest common factor of 1036186669 and 7413?
2471
What is the greatest common divisor of 4912365 and 105?
15
Calculate the highest common factor of 73192208 and 272.
272
What is the greatest common factor of 48143521 and 11504?
719
What is the highest common factor of 114275 and 20050?
25
Calculate the greatest common factor of 315177 and 7347.
93
What is the greatest common divisor of 15483339 and 18?
9
What is the highest common factor of 7749 and 1947213?
1107
What is the greatest common factor of 154 and 24491423?
11
Calculate the highest common factor of 37323 and 5670225.
2871
Calculate the highest common factor of 12676 and 116004414.
6338
Calculate the greatest common divisor of 858 and 2140138.
286
Calculate the highest common factor of 149872 and 2964.
76
What is the greatest common factor of 78392907 and 2055?
411
Calculate the greatest common factor of 3572887 and 4843.
29
Calculate the greatest common divisor of 190688 and 1299264.
3232
Calculate the highest common factor of 22018598 and 4246.
386
Calculate the greatest common factor of 25804582 and 27152.
3394
Calculate the greatest common divisor of 31671306 and 731.
731
Calculate the highest common factor of 8496 and 1536714.
1062
Calculate the highest common factor of 39816 and 24297.
21
What is the greatest common divisor of 1004 and 490834014?
502
Calculate the highest common factor of 139450 and 7550.
50
Calculate the highest common divisor of 119064378 and 534.
534
Calculate the greatest common factor of 400712 and 1544.
8
What is the greatest common factor of 986 and 21493814?
986
Calculate the highest common factor of 402961 and 59891.
13
Calculate the highest common factor of 18630608 and 144.
16
Calculate the highest common divisor of 21012595 and 3655.
3655
What is the greatest common factor of 134156 and 3784?
44
Calculate the highest common divisor of 5281821 and 4293.
1431
Calculate the greatest common divisor of 505936 and 32136.
824
What is the greatest common divisor of 2347347 and 1827?
87
What is the greatest common divisor of 2882662 and 26?
2
Calculate the highest common factor of 134666 and 48797.
7
Calculate the greatest common divisor of 43094 and 1462006.
58
What is the highest common divisor of 207 and 18274811?
23
What is the highest common factor of 2096 and 27173392?
16
What is the greatest common divisor of 2488421 and 176879?
2423
What is the greatest common divisor of 22320 and 590364?
1116
Calculate the highest common factor of 6177 and 1789626.
213
What is the highest common divisor of 11 and 17725961?
11
Calculate the highest common factor of 1183353460 and 20.
20
What is the greatest common factor of 9086 and 88983741?
4543
Calculate the greatest common divisor of 23375 and 4347365.
55
What is the highest common factor of 10213448 and 610834?
3794
Calculate the greatest common factor of 50920200 and 855.
45
Calculate the greatest common divisor of 62757855 and 8987.
817
What is the greatest common factor of 570917 and 4438?
317
What is the greatest common factor of 12 and 33910356?
12
What is the highest common divisor of 202202 and 44616649?
7777
What is the greatest common divisor of 161248206 and 840?
42
What is the greatest common divisor of 82939478 and 174?
58
What is the highest common factor of 270415 and 24880?
5
Calculate the greatest common factor of 85338306 and 18.
18
What is the highest common factor of 888241 and 145?
29
Calculate the greatest common factor of 12278238 and 350.
14
What is the highest common divisor of 23031106 and 3962?
3962
What is the highest common divisor of 2016 and 170364?
12
What is the greatest common factor of 4000352 and 2064?
16
Calculate the greatest common factor of 246 and 84191409.
123
What is the highest common divisor of 36720691 and 28?
7
Calculate the greatest common factor of 25100403 and 267.
267
Calculate the greatest common factor of 16490899 and 89.
89
Calculate the highest common factor of 1062 and 36402.
6
Calculate the highest common factor of 39 and 50504623.
13
Calculate the greatest common divisor of 672620 and 416.
52
Calculate the highest common divisor of 9669 and 1925889.
879
Calculate the highest common factor of 479 and 35539884.
479
Calculate the highest common factor of 387081 and 21.
3
What is the highest common divisor of 3478 and 2995216?
94
What is the highest common divisor of 218086 and 14674?
506
What is the highest common divisor of 835748 and 6780?
452
Calculate the highest common divisor of 4521 and 80698617.
411
What is the highest common divisor of 902 and 1792582?
22
Calculate the greatest common divisor of 12592246 and 1226.
1226
Calculate the highest common factor of 33055 and 789714.
601
Calculate the highest common divisor of 496 and 30086151.
31
Calculate the greatest common divisor of 9581 and 1148576.
143
What is the greatest common divisor of 19295 and 11135?
85
What is the highest common factor of 10660 and 1723189?
533
Calculate the highest common factor of 1281923 and 55011.
1667
What is the highest common divisor of 47566 and 364582?
34
What is the highest common divisor of 57 and 29288538?
57
What is the highest common factor of 3731 and 46891?
13
Calculate the highest common factor of 15708161 and 1165.
233
Calculate the highest common divisor of 1763 and 167198.
41
Calculate the greatest common factor of 545305485 and 5595.
5595
What is the highest common factor of 13586588 and 16?
4
What is the highest common divisor of 446748 and 27612?
708
What is the greatest common factor of 5219662 and 462?
14
What is the greatest common factor of 157788578 and 25498?
2318
What is the highest common divisor of 189517 and 8?
1
What is the greatest common factor of 10168 and 48058888?
328
Calculate the highest common divisor of 6794274 and 222.
6
Calculate the greatest common factor of 128390 and 44946910.
3470
Calculate the highest common factor of 114229024 and 32032.
2912
Calculate the greatest common factor of 9578184 and 26554.
1562
What is the highest common divisor of 4427566 and 256058?
2486
Calculate the greatest common divisor of 12224894 and 2541.
11
Calculate the highest common divisor of 174779889 and 177.
177
Calculate the greatest common divisor of 6419826 and 1631.
7
Calculate the greatest common divisor of 5704 and 1924732.
92
What is the greatest common factor of 1757385 and 2752041?
2391
Calculate the highest common divisor of 600 and 78705825.
75
Calculate the greatest common divisor of 5945714 and 134.
134
Calculate the greatest common divisor of 1685 and 8684827.
337
Calculate the highest common factor of 62494943 and 343.
343
What is th